{"id":987956,"date":"2022-04-02T02:53:25","date_gmt":"2022-04-02T00:53:25","guid":{"rendered":"https:\/\/www.famillegonnet.com\/dev\/?post_type=product&#038;p=987956"},"modified":"2022-07-14T19:02:23","modified_gmt":"2022-07-14T17:02:23","slug":"notre-passion-signargues","status":"publish","type":"product","link":"https:\/\/www.famillegonnet.com\/dev\/product\/notre-passion-signargues\/","title":{"rendered":"Notre Passion \u2022 Signargues \u2022 Rouge"},"content":{"rendered":"\t\t<div data-elementor-type=\"product-post\" data-elementor-id=\"987956\" class=\"elementor elementor-987956\" data-elementor-post-type=\"product\">\n\t\t\t\t\t\t<section class=\"elementor-section elementor-top-section elementor-element elementor-element-291ac02 elementor-section-boxed elementor-section-height-default elementor-section-height-default\" data-id=\"291ac02\" data-element_type=\"section\" data-e-type=\"section\">\n\t\t\t\t\t\t<div class=\"elementor-container elementor-column-gap-default\">\n\t\t\t\t\t<div class=\"elementor-column elementor-col-100 elementor-top-column elementor-element elementor-element-b960f3f\" data-id=\"b960f3f\" data-element_type=\"column\" data-e-type=\"column\">\n\t\t\t<div class=\"elementor-widget-wrap elementor-element-populated\">\n\t\t\t\t\t\t<div class=\"elementor-element elementor-element-1b05cb1 elementor-widget elementor-widget-heading\" data-id=\"1b05cb1\" data-element_type=\"widget\" data-e-type=\"widget\" data-widget_type=\"heading.default\">\n\t\t\t\t<div class=\"elementor-widget-container\">\n\t\t\t\t\t<h5 class=\"elementor-heading-title elementor-size-default\">Informations techniques<\/h5>\t\t\t\t<\/div>\n\t\t\t\t<\/div>\n\t\t\t\t<div class=\"elementor-element elementor-element-b9044c3 elementor-widget elementor-widget-text-editor\" data-id=\"b9044c3\" data-element_type=\"widget\" data-e-type=\"widget\" data-widget_type=\"text-editor.default\">\n\t\t\t\t<div class=\"elementor-widget-container\">\n\t\t\t\t\t\t\t\t\t<h5><strong>R\u00e9gion<\/strong><\/h5><p>Domazan, vall\u00e9e du Rh\u00f4ne.<\/p><h5><strong>Exposition<\/strong><\/h5><p>Orient\u00e9e nord.<\/p><h5><strong>Composition du sol<\/strong><\/h5><p>Galets en surface, sol rouge argilo-calcaire.<\/p><h5><strong>C\u00e9pages<\/strong><\/h5><p>50 % Grenache, 50 % Syrah.<\/p><h5><strong>\u00c2ge des vignes<\/strong><\/h5><p>Entre 25 et 40 ans.<\/p><h5><strong>Densit\u00e9<\/strong><\/h5><p>4 000 vignes par hectare.<\/p><h5><strong>Vendanges<\/strong><\/h5><p>\u00c0 la main.<\/p><h5><strong>\u00c9grapp\u00e9s<\/strong><\/h5><p>100%.<\/p><p>20 jours de fermentation et de mac\u00e9ration.<\/p><h5><strong>Levure<\/strong><\/h5><p>Naturelle.<\/p><h5><strong>Malolactique \u2013 Oui\/Non<\/strong><\/h5><p>Oui.<\/p><h5><strong>Cuve de fermentation<\/strong><\/h5><p>Acier inoxydable.<\/p><h5>Sucres r\u00e9siduels<\/h5><p>Moins de 2 grammes par litre.<\/p><h5><strong>Pourcentage d\u2019alcool<\/strong><\/h5><p>14,5%.<\/p><h5><strong>\u00c9levage<\/strong><\/h5><p>12 mois en cuves d\u2019acier inoxydable et b\u00e9ton.<\/p><h5><strong>Nombre de bouteilles<\/strong><\/h5><p>60 000 bouteilles.<\/p>\t\t\t\t\t\t\t\t<\/div>\n\t\t\t\t<\/div>\n\t\t\t\t<div class=\"elementor-element elementor-element-2f2b491 elementor-widget elementor-widget-heading\" data-id=\"2f2b491\" data-element_type=\"widget\" data-e-type=\"widget\" data-widget_type=\"heading.default\">\n\t\t\t\t<div class=\"elementor-widget-container\">\n\t\t\t\t\t<h5 class=\"elementor-heading-title elementor-size-default\">Note de d\u00e9gustation<\/h5>\t\t\t\t<\/div>\n\t\t\t\t<\/div>\n\t\t\t\t<div class=\"elementor-element elementor-element-7ab791d elementor-widget elementor-widget-text-editor\" data-id=\"7ab791d\" data-element_type=\"widget\" data-e-type=\"widget\" data-widget_type=\"text-editor.default\">\n\t\t\t\t<div class=\"elementor-widget-container\">\n\t\t\t\t\t\t\t\t\t<p>Souvent appel\u00e9 \u00ab b\u00e9b\u00e9 Ch\u00e2teauneuf-du-Pape \u00bb, ce vin riche\u00a0et complexe reste accessible. Fruits rouges, cerises, \u00e9pices et\u00a0r\u00e9glisse. Un vin \u00e0 boire jeune, mais qui peut \u00eatre gard\u00e9 entre 5 et\u00a08 ans.<\/p>\t\t\t\t\t\t\t\t<\/div>\n\t\t\t\t<\/div>\n\t\t\t\t<div class=\"elementor-element elementor-element-495ec43 elementor-widget elementor-widget-heading\" data-id=\"495ec43\" data-element_type=\"widget\" data-e-type=\"widget\" data-widget_type=\"heading.default\">\n\t\t\t\t<div class=\"elementor-widget-container\">\n\t\t\t\t\t<h5 class=\"elementor-heading-title elementor-size-default\">\u00c0 boire avec<\/h5>\t\t\t\t<\/div>\n\t\t\t\t<\/div>\n\t\t\t\t<div class=\"elementor-element elementor-element-899cd8c elementor-widget elementor-widget-text-editor\" data-id=\"899cd8c\" data-element_type=\"widget\" data-e-type=\"widget\" data-widget_type=\"text-editor.default\">\n\t\t\t\t<div class=\"elementor-widget-container\">\n\t\t\t\t\t\t\t\t\t<p>De l\u2019agneau mijot\u00e9 et servi avec des l\u00e9gumes-racines, magret de\u00a0canard grill\u00e9 et glac\u00e9 \u00e0 la canneberge, ou assiette de fromages.<\/p>\t\t\t\t\t\t\t\t<\/div>\n\t\t\t\t<\/div>\n\t\t\t\t<section class=\"elementor-section elementor-inner-section elementor-element elementor-element-331d5f0 elementor-section-boxed elementor-section-height-default elementor-section-height-default\" data-id=\"331d5f0\" data-element_type=\"section\" data-e-type=\"section\">\n\t\t\t\t\t\t<div class=\"elementor-container elementor-column-gap-default\">\n\t\t\t\t\t<div class=\"elementor-column elementor-col-100 elementor-inner-column elementor-element elementor-element-bf06f9c\" data-id=\"bf06f9c\" data-element_type=\"column\" data-e-type=\"column\">\n\t\t\t<div class=\"elementor-widget-wrap elementor-element-populated\">\n\t\t\t\t\t\t\t<\/div>\n\t\t<\/div>\n\t\t\t\t\t<\/div>\n\t\t<\/section>\n\t\t\t\t\t<\/div>\n\t\t<\/div>\n\t\t\t\t\t<\/div>\n\t\t<\/section>\n\t\t\t\t<\/div>\n\t\t","protected":false},"excerpt":{"rendered":"<p>Un bel assemblage de Grenache et de Syrah aux ar\u00f4mes de fruits rouges et noirs\u00a0confitur\u00e9s, avec d\u2019intenses notes \u00e9pic\u00e9es. Un grand vin en devenir &#8230;<\/p>\n","protected":false},"featured_media":988789,"comment_status":"closed","ping_status":"closed","template":"","meta":[],"product_cat":[49],"product_tag":[],"class_list":{"0":"post-987956","1":"product","2":"type-product","3":"status-publish","4":"has-post-thumbnail","6":"product_cat-font-du-vent","8":"first","9":"instock","10":"shipping-taxable","11":"product-type-simple"},"_links":{"self":[{"href":"https:\/\/www.famillegonnet.com\/dev\/wp-json\/wp\/v2\/product\/987956","targetHints":{"allow":["GET"]}}],"collection":[{"href":"https:\/\/www.famillegonnet.com\/dev\/wp-json\/wp\/v2\/product"}],"about":[{"href":"https:\/\/www.famillegonnet.com\/dev\/wp-json\/wp\/v2\/types\/product"}],"replies":[{"embeddable":true,"href":"https:\/\/www.famillegonnet.com\/dev\/wp-json\/wp\/v2\/comments?post=987956"}],"version-history":[{"count":11,"href":"https:\/\/www.famillegonnet.com\/dev\/wp-json\/wp\/v2\/product\/987956\/revisions"}],"predecessor-version":[{"id":989027,"href":"https:\/\/www.famillegonnet.com\/dev\/wp-json\/wp\/v2\/product\/987956\/revisions\/989027"}],"wp:featuredmedia":[{"embeddable":true,"href":"https:\/\/www.famillegonnet.com\/dev\/wp-json\/wp\/v2\/media\/988789"}],"wp:attachment":[{"href":"https:\/\/www.famillegonnet.com\/dev\/wp-json\/wp\/v2\/media?parent=987956"}],"wp:term":[{"taxonomy":"product_cat","embeddable":true,"href":"https:\/\/www.famillegonnet.com\/dev\/wp-json\/wp\/v2\/product_cat?post=987956"},{"taxonomy":"product_tag","embeddable":true,"href":"https:\/\/www.famillegonnet.com\/dev\/wp-json\/wp\/v2\/product_tag?post=987956"}],"curies":[{"name":"wp","href":"https:\/\/api.w.org\/{rel}","templated":true}]}}