{"id":987889,"date":"2022-04-02T06:57:36","date_gmt":"2022-04-02T04:57:36","guid":{"rendered":"https:\/\/www.famillegonnet.com\/dev\/?post_type=product&#038;p=987889"},"modified":"2022-06-23T15:25:48","modified_gmt":"2022-06-23T13:25:48","slug":"cuvee-etienne-gonnet-blanc","status":"publish","type":"product","link":"https:\/\/www.famillegonnet.com\/dev\/product\/cuvee-etienne-gonnet-blanc\/","title":{"rendered":"Cuv\u00e9e \u201cEtienne Gonnet\u201d \u2022 Ch\u00e2teauneuf-du-pape \u2022 Blanc"},"content":{"rendered":"\t\t<div data-elementor-type=\"product-post\" data-elementor-id=\"987889\" class=\"elementor elementor-987889\" data-elementor-post-type=\"product\">\n\t\t\t\t\t\t<section class=\"elementor-section elementor-top-section elementor-element elementor-element-291ac02 elementor-section-boxed elementor-section-height-default elementor-section-height-default\" data-id=\"291ac02\" data-element_type=\"section\" data-e-type=\"section\">\n\t\t\t\t\t\t<div class=\"elementor-container elementor-column-gap-default\">\n\t\t\t\t\t<div class=\"elementor-column elementor-col-100 elementor-top-column elementor-element elementor-element-b960f3f\" data-id=\"b960f3f\" data-element_type=\"column\" data-e-type=\"column\">\n\t\t\t<div class=\"elementor-widget-wrap elementor-element-populated\">\n\t\t\t\t\t\t<div class=\"elementor-element elementor-element-1b05cb1 elementor-widget elementor-widget-heading\" data-id=\"1b05cb1\" data-element_type=\"widget\" data-e-type=\"widget\" data-widget_type=\"heading.default\">\n\t\t\t\t<div class=\"elementor-widget-container\">\n\t\t\t\t\t<h5 class=\"elementor-heading-title elementor-size-default\">Informations techniques<\/h5>\t\t\t\t<\/div>\n\t\t\t\t<\/div>\n\t\t\t\t<div class=\"elementor-element elementor-element-b9044c3 elementor-widget elementor-widget-text-editor\" data-id=\"b9044c3\" data-element_type=\"widget\" data-e-type=\"widget\" data-widget_type=\"text-editor.default\">\n\t\t\t\t<div class=\"elementor-widget-container\">\n\t\t\t\t\t\t\t\t\t<h5><strong>R\u00e9gion<\/strong><\/h5><p>Ch\u00e2teauneuf-du-Pape, vall\u00e9e du Rh\u00f4ne.<\/p><h5><strong>Exposition<\/strong><\/h5><p>Sud-Est (B\u00e9darrides) de l\u2019appellation Ch\u00e2teauneuf-du-pape.<\/p><h5><strong>Composition du sol<\/strong><\/h5><p>Galets ronds en surface, terre argileuse en profondeur.<\/p><h5><strong>C\u00e9pages<\/strong><\/h5><p>100 % Roussane.<\/p><h5><strong>\u00c2ge des vignes<\/strong><\/h5><p>80 ans.<\/p><h5><strong>Densit\u00e9<\/strong><\/h5><p>3 500 vignes par hectare.<\/p><h5><strong>Vendanges<\/strong><\/h5><p>\u00c0 la main (un crit\u00e8re propre \u00e0 l\u2019A.O.C.).<\/p><h5><strong>Vinification<\/strong><\/h5><p>100 % en demi-muids.<\/p><h5><strong>Malolactique &#8211; Oui\/Non<\/strong><\/h5><p>Non.<\/p><h5><strong>Sucres r\u00e9siduels<\/strong><\/h5><p>Moins de 2 grammes par litre.<\/p><h5><strong>Pourcentage d&rsquo;alcool<\/strong><\/h5><p>14%.<\/p><h5><strong>\u00c9levage<\/strong><\/h5><p>12 mois en grands tonneaux.<\/p><h5><strong>Nombre de bouteilles<\/strong><\/h5><p>1 000 bouteilles.<\/p>\t\t\t\t\t\t\t\t<\/div>\n\t\t\t\t<\/div>\n\t\t\t\t<div class=\"elementor-element elementor-element-2f2b491 elementor-widget elementor-widget-heading\" data-id=\"2f2b491\" data-element_type=\"widget\" data-e-type=\"widget\" data-widget_type=\"heading.default\">\n\t\t\t\t<div class=\"elementor-widget-container\">\n\t\t\t\t\t<h5 class=\"elementor-heading-title elementor-size-default\">Note de d\u00e9gustation<\/h5>\t\t\t\t<\/div>\n\t\t\t\t<\/div>\n\t\t\t\t<div class=\"elementor-element elementor-element-7ab791d elementor-widget elementor-widget-text-editor\" data-id=\"7ab791d\" data-element_type=\"widget\" data-e-type=\"widget\" data-widget_type=\"text-editor.default\">\n\t\t\t\t<div class=\"elementor-widget-container\">\n\t\t\t\t\t\t\t\t\t<p>Notes de fleurs blanches, ar\u00f4mes de pain grill\u00e9, noix, et sal\u00e9 en\u00a0fin de bouche. D\u00e9licieux jeune, mais un bon potentiel de vin de\u00a0garde aussi.<\/p>\t\t\t\t\t\t\t\t<\/div>\n\t\t\t\t<\/div>\n\t\t\t\t<div class=\"elementor-element elementor-element-495ec43 elementor-widget elementor-widget-heading\" data-id=\"495ec43\" data-element_type=\"widget\" data-e-type=\"widget\" data-widget_type=\"heading.default\">\n\t\t\t\t<div class=\"elementor-widget-container\">\n\t\t\t\t\t<h5 class=\"elementor-heading-title elementor-size-default\">\u00c0 boire avec<\/h5>\t\t\t\t<\/div>\n\t\t\t\t<\/div>\n\t\t\t\t<div class=\"elementor-element elementor-element-899cd8c elementor-widget elementor-widget-text-editor\" data-id=\"899cd8c\" data-element_type=\"widget\" data-e-type=\"widget\" data-widget_type=\"text-editor.default\">\n\t\t\t\t<div class=\"elementor-widget-container\">\n\t\t\t\t\t\t\t\t\t<p>Accompagne parfaitement le lapin r\u00f4ti au vin blanc, le poulet r\u00f4ti\u00a0ou le mijot\u00e9 de porc, tel que la joue de porc. Se boit \u00e9galement\u00a0tr\u00e8s bien avec le roquefort et le comt\u00e9. Une bonne alternative au\u00a0moelleux avec le foie gras.<\/p>\t\t\t\t\t\t\t\t<\/div>\n\t\t\t\t<\/div>\n\t\t\t\t<section class=\"elementor-section elementor-inner-section elementor-element elementor-element-331d5f0 elementor-section-boxed elementor-section-height-default elementor-section-height-default\" data-id=\"331d5f0\" data-element_type=\"section\" data-e-type=\"section\">\n\t\t\t\t\t\t<div class=\"elementor-container elementor-column-gap-default\">\n\t\t\t\t\t<div class=\"elementor-column elementor-col-100 elementor-inner-column elementor-element elementor-element-bf06f9c\" data-id=\"bf06f9c\" data-element_type=\"column\" data-e-type=\"column\">\n\t\t\t<div class=\"elementor-widget-wrap elementor-element-populated\">\n\t\t\t\t\t\t\t<\/div>\n\t\t<\/div>\n\t\t\t\t\t<\/div>\n\t\t<\/section>\n\t\t\t\t\t<\/div>\n\t\t<\/div>\n\t\t\t\t\t<\/div>\n\t\t<\/section>\n\t\t\t\t<\/div>\n\t\t","protected":false},"excerpt":{"rendered":"<p>(Hommage \u00e0 Etienne Gonnet). Produit seulement avec\u00a0des vieilles vignes, ce 100 % Roussane est un vin blanc\u00a0exceptionnellement fin.<\/p>\n","protected":false},"featured_media":987913,"comment_status":"closed","ping_status":"closed","template":"","meta":[],"product_cat":[51],"product_tag":[53],"class_list":{"0":"post-987889","1":"product","2":"type-product","3":"status-publish","4":"has-post-thumbnail","6":"product_cat-cuvees-prestiges","7":"product_tag-blanc","9":"first","10":"instock","11":"shipping-taxable","12":"product-type-simple"},"_links":{"self":[{"href":"https:\/\/www.famillegonnet.com\/dev\/wp-json\/wp\/v2\/product\/987889","targetHints":{"allow":["GET"]}}],"collection":[{"href":"https:\/\/www.famillegonnet.com\/dev\/wp-json\/wp\/v2\/product"}],"about":[{"href":"https:\/\/www.famillegonnet.com\/dev\/wp-json\/wp\/v2\/types\/product"}],"replies":[{"embeddable":true,"href":"https:\/\/www.famillegonnet.com\/dev\/wp-json\/wp\/v2\/comments?post=987889"}],"version-history":[{"count":15,"href":"https:\/\/www.famillegonnet.com\/dev\/wp-json\/wp\/v2\/product\/987889\/revisions"}],"predecessor-version":[{"id":988754,"href":"https:\/\/www.famillegonnet.com\/dev\/wp-json\/wp\/v2\/product\/987889\/revisions\/988754"}],"wp:featuredmedia":[{"embeddable":true,"href":"https:\/\/www.famillegonnet.com\/dev\/wp-json\/wp\/v2\/media\/987913"}],"wp:attachment":[{"href":"https:\/\/www.famillegonnet.com\/dev\/wp-json\/wp\/v2\/media?parent=987889"}],"wp:term":[{"taxonomy":"product_cat","embeddable":true,"href":"https:\/\/www.famillegonnet.com\/dev\/wp-json\/wp\/v2\/product_cat?post=987889"},{"taxonomy":"product_tag","embeddable":true,"href":"https:\/\/www.famillegonnet.com\/dev\/wp-json\/wp\/v2\/product_tag?post=987889"}],"curies":[{"name":"wp","href":"https:\/\/api.w.org\/{rel}","templated":true}]}}